he remainder when 34265 is divided by 11410?
35
Calculate the remainder when 104561 is divided by 205.
11
What is the remainder when 39813 is divided by 126?
123
Calculate the remainder when 5527 is divided by 751.
270
What is the remainder when 1115 is divided by 155?
30
What is the remainder when 1754 is divided by 300?
254
Calculate the remainder when 397085 is divided by 109.
107
Calculate the remainder when 4924 is divided by 131.
77
Calculate the remainder when 4019 is divided by 109.
95
What is the remainder when 353223 is divided by 353200?
23
What is the remainder when 337264 is divided by 457?
455
What is the remainder when 2615 is divided by 92?
39
What is the remainder when 4492407 is divided by 158?
151
Calculate the remainder when 526253 is divided by 13.
0
What is the remainder when 447 is divided by 442?
5
Calculate the remainder when 90498 is divided by 1740.
18
What is the remainder when 85185 is divided by 186?
183
What is the remainder when 12467 is divided by 184?
139
What is the remainder when 4499864 is divided by 6?
2
What is the remainder when 4698 is divided by 4619?
79
What is the remainder when 148652 is divided by 30?
2
What is the remainder when 68733 is divided by 358?
355
Calculate the remainder when 402339 is divided by 10.
9
Calculate the remainder when 2623 is divided by 1234.
155
Calculate the remainder when 1561 is divided by 1554.
7
Calculate the remainder when 791842 is divided by 46.
44
What is the remainder when 8975 is divided by 2475?
1550
Calculate the remainder when 5703 is divided by 901.
297
What is the remainder when 1246 is divided by 197?
64
Calculate the remainder when 11663 is divided by 212.
3
Calculate the remainder when 3334928 is divided by 23.
20
Calculate the remainder when 20993 is divided by 189.
14
Calculate the remainder when 1761 is divided by 541.
138
Calculate the remainder when 46537 is divided by 42.
1
What is the remainder when 35882 is divided by 89?
15
Calculate the remainder when 3766138 is divided by 1372.
1370
What is the remainder when 234 is divided by 120?
114
What is the remainder when 6490 is divided by 1617?
22
Calculate the remainder when 2190 is divided by 37.
7
Calculate the remainder when 27083 is divided by 15.
8
Calculate the remainder when 11956 is divided by 52.
48
What is the remainder when 28332 is divided by 5662?
22
What is the remainder when 3088 is divided by 103?
101
Calculate the remainder when 221 is divided by 103.
15
Calculate the remainder when 1440863 is divided by 144.
143
What is the remainder when 1872632 is divided by 64?
56
What is the remainder when 52148 is divided by 4345?
8
Calculate the remainder when 10716 is divided by 23.
21
Calculate the remainder when 30741 is divided by 14.
11
What is the remainder when 792 is divided by 11?
0
Calculate the remainder when 65500 is divided by 10906.
64
What is the remainder when 9167 is divided by 53?
51
Calculate the remainder when 18983 is divided by 89.
26
What is the remainder when 22154 is divided by 50?
4
What is the remainder when 2890 is divided by 34?
0
What is the remainder when 20034 is divided by 3984?
114
Calculate the remainder when 43461 is divided by 43451.
10
What is the remainder when 10075 is divided by 20?
15
What is the remainder when 29048 is divided by 44?
8
Calculate the remainder when 32044 is divided by 431.
150
Calculate the remainder when 344 is divided by 213.
131
Calculate the remainder when 31638 is divided by 54.
48
Calculate the remainder when 3701 is divided by 3686.
15
What is the remainder when 2299 is divided by 178?
163
Calculate the remainder when 1416 is divided by 20.
16
What is the remainder when 22749 is divided by 78?
51
What is the remainder when 170021 is divided by 28331?
35
What is the remainder when 8709 is divided by 53?
17
Calculate the remainder when 50037 is divided by 10.
7
Calculate the remainder when 2618 is divided by 767.
317
Calculate the remainder when 864805 is divided by 15.
10
What is the remainder when 185890 is divided by 85?
80
What is the remainder when 398456 is divided by 132816?
8
Calculate the remainder when 6316 is divided by 3139.
38
What is the remainder when 318419 is divided by 481?
478
Calculate the remainder when 6531 is divided by 11.
8
Calculate the remainder when 1660 is divided by 820.
20
Calculate the remainder when 6631 is divided by 478.
417
What is the remainder when 404 is divided by 127?
23
What is the remainder when 20181 is divided by 435?
171
What is the remainder when 83533 is divided by 20824?
237
Calculate the remainder when 844 is divided by 268.
40
Calculate the remainder when 10954 is divided by 10.
4
Calculate the remainder when 2577 is divided by 80.
17
Calculate the remainder when 3807 is divided by 1058.
633
What is the remainder when 4836 is divided by 2402?
32
What is the remainder when 37901 is divided by 4?
1
Calculate the remainder when 382631 is divided by 151.
148
What is the remainder when 2278 is divided by 60?
58
What is the remainder when 94336 is divided by 23565?
76
Calculate the remainder when 170656 is divided by 38.
36
Calculate the remainder when 4676 is divided by 773.
38
What is the remainder when 199619 is divided by 33264?
35
Calculate the remainder when 377169 is divided by 529.
521
What is the remainder when 15092 is divided by 7540?
12
What is the remainder when 2559 is divided by 1266?
27
What is the remainder when 29335 is divided by 58?
45
What is the remainder when 7854 is divided by 2592?
78
What is the remainder when 299059 is divided by 15739?
18
What is the remainder when 1320 is divided by 360?
240
What is the remainder when 592939 is divided by 23717?
14
What is the remainder when 12862 is divided by 534?
46
Calculate the remainder when 105780 is divided by 192.
180
What is the remainder when 9031 is divided by 210?
1
What is the remainder when 423398 is divided by 115?
83
What is the remainder when 3195 is divided by 667?
527
What is the remainder when 236111 is divided by 102?
83
Calculate the remainder when 69262 is divided by 69252.
10
What is the remainder when 6636 is divided by 162?
156
Calculate the remainder when 667674 is divided by 222549.
27
Calculate the remainder when 690646 is divided by 84.
82
What is the remainder when 13717 is divided by 793?
236
Calculate the remainder when 19431 is divided by 11.
5
What is the remainder when 2030 is divided by 114?
92
What is the remainder when 112894 is divided by 22576?
14
What is the remainder when 1150 is divided by 208?
110
What is the remainder when 290542 is divided by 145228?
86
Calculate the remainder when 624489 is divided by 317.
316
Calculate the remainder when 19668 is divided by 9815.
38
Calculate the remainder when 46201 is divided by 1925.
1
Calculate the remainder when 6136 is divided by 213.
172
What is the remainder when 4414 is divided by 23?
21
What is the remainder when 133651 is divided by 61?
0
What is the remainder when 10105 is divided by 5019?
67
Calculate the remainder when 1175 is divided by 13.
5
Calculate the remainder when 666 is divided by 96.
90
Calculate the remainder when 106759 is divided by 443.
439
What is the remainder when 18138 is divided by 185?
8
Calculate the remainder when 10079 is divided by 721.
706
What is the remainder when 2547 is divided by 415?
57
What is the remainder when 90464 is divided by 15077?
2
Calculate the remainder when 221258 is divided by 5267.
44
What is the remainder when 45674 is divided by 63?
62
Calculate the remainder when 46968 is divided by 7720.
648
Calculate the remainder when 33741 is divided by 866.
833
Calculate the remainder when 264002 is divided by 13.
11
What is the remainder when 7187 is divided by 49?
33
Calculate the remainder when 268190 is divided by 289.
287
Calculate the remainder when 15845 is divided by 47.
6
Calculate the remainder when 212218 is divided by 70.
48
Calculate the remainder when 19017 is divided by 23.
19
Calculate the remainder when 148131 is divided by 201.
195
Calculate the remainder when 69119 is divided by 34.
31
What is the remainder when 830 is divided by 207?
2
What is the remainder when 271461 is divided by 90482?
15
What is the remainder when 11419 is divided by 169?
96
What is the remainder 